f 323859761?
8
What is the thousands digit of 49259054?
9
What is the tens digit of 3361761?
6
What is the millions digit of 2921870212?
1
What is the millions digit of 1471798299?
1
What is the billions digit of 3017036555?
3
What is the ten millions digit of 19407743?
1
What is the millions digit of 42348615?
2
What is the hundreds digit of 52642230?
2
What is the ten millions digit of 77275290?
7
What is the ten millions digit of 14732736?
1
What is the tens digit of 344319413?
1
What is the ten millions digit of 342394948?
4
What is the units digit of 556901647?
7
What is the millions digit of 22833023?
2
What is the hundred thousands digit of 31832577?
8
What is the thousands digit of 38490079?
0
What is the ten millions digit of 43471086?
4
What is the tens digit of 1072729763?
6
What is the hundreds digit of 21362294?
2
What is the hundreds digit of 41221573?
5
What is the hundred thousands digit of 37026323?
0
What is the millions digit of 78318011?
8
What is the tens digit of 516717455?
5
What is the millions digit of 721327538?
1
What is the units digit of 1024075529?
9
What is the millions digit of 39280016?
9
What is the millions digit of 514095857?
4
What is the hundreds digit of 270495169?
1
What is the ten thousands digit of 2749275059?
7
What is the millions digit of 1370992516?
0
What is the millions digit of 27173951?
7
What is the ten millions digit of 26741804?
2
What is the units digit of 124049175?
5
What is the thousands digit of 405611282?
1
What is the millions digit of 136519438?
6
What is the ten thousands digit of 52700484?
0
What is the millions digit of 140037599?
0
What is the tens digit of 13971417?
1
What is the ten thousands digit of 1102199998?
9
What is the tens digit of 355014444?
4
What is the tens digit of 5042604779?
7
What is the hundreds digit of 89338460?
4
What is the hundreds digit of 2955934395?
3
What is the millions digit of 75758369?
5
What is the ten millions digit of 27790591?
2
What is the hundred millions digit of 157184276?
1
What is the units digit of 87708238?
8
What is the tens digit of 207643240?
4
What is the hundred millions digit of 394335869?
3
What is the ten thousands digit of 45459927?
5
What is the ten thousands digit of 112847293?
4
What is the millions digit of 28462962?
8
What is the ten thousands digit of 79259524?
5
What is the ten millions digit of 31967318?
3
What is the billions digit of 1825036907?
1
What is the ten thousands digit of 402922698?
2
What is the ten millions digit of 1854991738?
5
What is the ten thousands digit of 214571441?
7
What is the ten millions digit of 522611260?
2
What is the thousands digit of 24385560?
5
What is the hundred thousands digit of 4234768686?
7
What is the ten thousands digit of 109324715?
2
What is the ten thousands digit of 752018078?
1
What is the tens digit of 2659396393?
9
What is the ten thousands digit of 264490841?
9
What is the tens digit of 462345030?
3
What is the ten millions digit of 58110405?
5
What is the hundreds digit of 48359595?
5
What is the tens digit of 24817213?
1
What is the millions digit of 5509099109?
9
What is the hundred millions digit of 2079112558?
0
What is the hundred thousands digit of 32191266?
1
What is the units digit of 40866022?
2
What is the hundred thousands digit of 41384679?
3
What is the ten millions digit of 11757186?
1
What is the hundreds digit of 46911431?
4
What is the hundred millions digit of 360479793?
3
What is the hundreds digit of 27724122?
1
What is the ten thousands digit of 10078481?
7
What is the hundreds digit of 45109059?
0
What is the tens digit of 16150294?
9
What is the units digit of 28030665?
5
What is the units digit of 266956929?
9
What is the ten millions digit of 42666311?
4
What is the tens digit of 200942704?
0
What is the hundred thousands digit of 1290932959?
9
What is the millions digit of 41460404?
1
What is the hundred millions digit of 1597947458?
5
What is the units digit of 32088050?
0
What is the units digit of 71308184?
4
What is the units digit of 49858592?
2
What is the thousands digit of 55652044?
2
What is the tens digit of 99672745?
4
What is the hundred millions digit of 485900764?
4
What is the units digit of 1399228466?
6
What is the units digit of 5935544?
4
What is the billions digit of 4575463951?
4
What is the hundreds digit of 297153082?
0
What is the ten thousands digit of 65765998?
6
What is the tens digit of 17209389?
8
What is the hundred thousands digit of 10608651?
6
What is the thousands digit of 28289760?
9
What is the ten millions digit of 115425347?
1
What is the millions digit of 178829639?
8
What is the hundred thousands digit of 1286325204?
3
What is the hundreds digit of 247670837?
8
What is the ten thousands digit of 23822737?
2
What is the tens digit of 29360519?
1
What is the billions digit of 2445194264?
2
What is the units digit of 1301956612?
2
What is the hundreds digit of 6648346872?
8
What is the ten millions digit of 557937113?
5
What is the tens digit of 1333842519?
1
What is the ten thousands digit of 2275268602?
6
What is the hundred thousands digit of 4321485711?
4
What is the ten thousands digit of 357387?
5
What is the hundred thousands digit of 112085373?
0
What is the units digit of 863064350?
0
What is the ten thousands digit of 39927665?
2
What is the ten thousands digit of 7848805?
4
What is the thousands digit of 913327449?
7
What is the millions digit of 3223752971?
3
What is the hundreds digit of 37055178?
1
What is the hundreds digit of 43507165?
1
What is the hundred thousands digit of 6098859?
0
What is the ten millions digit of 3027663476?
2
What is the hundreds digit of 1310661457?
4
What is the hundred millions digit of 108334329?
1
What is the millions digit of 407523305?
7
What is the thousands digit of 417885555?
5
What is the thousands digit of 1055702048?
2
What is the millions digit of 47908071?
7
What is the ten thousands digit of 77500731?
0
What is the millions digit of 91261378?
1
What is the millions digit of 249559508?
9
What is the units digit of 552511?
1
What is the thousands digit of 1318086975?
6
What is the millions digit of 803658823?
3
What is the billions digit of 5589341277?
5
What is the hundred millions digit of 286337673?
2
What is the units digit of 34245495?
5
What is the millions digit of 43033839?
3
What is the units digit of 88185496?
6
What is the ten millions digit of 143497127?
4
What is the thousands digit of 205988003?
8
What is the thousands digit of 41600559?
0
What is the thousands digit of 29396841?
6
What is the hundreds digit of 66630615?
6
What is the millions digit of 9726462?
9
What is the hundreds digit of 74667872?
8
What is the units digit of 348430780?
0
What is the tens digit of 908892576?
7
What is the ten millions digit of 2784287661?
8
What is the ten millions digit of 69484868?
6
What is the millions digit of 30377091?
0
What is the hundreds digit of 5831420000?
0
What is the hundred millions digit of 4712772104?
7
What is the units digit of 819132213?
3
What is the millions digit of 47663915?
7
What is the hundred thousands digit of 482265886?
2
What is the millions digit of 5728905581?
8
What is the units digit of 2083097921?
1
What is the millions digit of 309762024?
9
What is the tens digit of 11385590?
9
What is the tens digit of 101975434?
3
What is the tens digit of 107069226?
2
What is the hundred thousands digit of 1172604145?
6
What is the ten thousands digit of 115775142?
7
What is the tens digit of 1598288171?
7
What is the hundreds digit of 2629625674?
6
What is the millions digit of 170540141?
0
What is the ten thousands digit of 6502685?
0
What is the units digit of 98057644?
4
What is the millions digit of 1099452747?
9
What is the units digit of 1430243448?
8
What is the hundreds digit of 52522286?
2
What is the thousands digit of 138312810?
2
What is the tens digit of 94972985?
8
What is the millions digit of 75237274?
5
What is the ten millions digit of 48606916?
4
What is the hundred millions digit of 8210104876?
2
What is the ten millions digit of 102056391?
0
What is the thousands digit of 578112995?
2
What is the units digit of 22276263?
3
What is the tens digit of 3570692?
9
What is the tens digit of 53210621?
2
Wha